{"id":25,"date":"2020-11-13T19:45:35","date_gmt":"2020-11-13T18:45:35","guid":{"rendered":"https:\/\/bulidomics.com\/educacionfinanciera\/?page_id=25"},"modified":"2020-11-21T19:18:35","modified_gmt":"2020-11-21T18:18:35","slug":"como-invertir-tus-ahorros-a-los-veintitantos-o-mas-sin-ser-un-experto-libro","status":"publish","type":"page","link":"https:\/\/bulidomics.com\/educacionfinanciera\/como-invertir-tus-ahorros-a-los-veintitantos-o-mas-sin-ser-un-experto-libro\/","title":{"rendered":"C\u00f3mo invertir tus ahorros a los veintitantos o m\u00e1s sin ser un experto (libro)"},"content":{"rendered":"\n<p>Inauguramos nuestra secci\u00f3n de educaci\u00f3n financiera con la publicaci\u00f3n del ensayo \u00abC\u00f3mo invertir tus ahorros a los veintitantos o m\u00e1s sin ser un experto\u00bb, el volumen 2 de la serie Bulidomics.<\/p>\n\n\n<p style=\"text-align: left;\">Te dejo aqu\u00ed varias formas de poder conseguirlo:<\/p>\n<p><strong><span style=\"color: #ff0000;\">1.<\/span> \u00a1Ahora mismo para echar un vistazo!<\/strong><br \/>Si quieres echar un vistazo al librito, <a title=\"Pincha para ir a la web de amazon\" href=\"https:\/\/bulidomics.com\/educacionfinanciera\/wp-content\/uploads\/2020\/11\/como-invertir-a-los-veintitantos-o-mas-sin-ser-un-experto-web-vista-previa.pdf\" target=\"_blank\" rel=\"noopener noreferrer\">aqu\u00ed<\/a> puedes descargarte los primeros cap\u00edtulos y las referencias <a title=\"Pincha para ir a la web de amazon\" href=\"https:\/\/bulidomics.com\/educacionfinanciera\/wp-content\/uploads\/2020\/11\/como-invertir-a-los-veintitantos-o-mas-sin-ser-un-experto-web-vista-previa.pdf\" target=\"_blank\" rel=\"noopener noreferrer\">&gt;&gt;<\/a>.<\/p>\n<p><strong><span style=\"color: #ff0000;\">2.<\/span> En formato papel en amazon<\/strong><br \/>El ensayo-gu\u00eda est\u00e1 completo disponible en versi\u00f3n papel en la web de amazon en sus sitios de <strong>Espa\u00f1a<\/strong>, <strong>Reino Unido<\/strong>, <strong>Estados Unidos<\/strong>, <strong>Francia<\/strong>, <strong>Italia<\/strong>, <strong>Alemania<\/strong> y <strong>Jap\u00f3n<\/strong>, adem\u00e1s de en otros puntos de venta f\u00edsicos (a\u00fan por determinar).<\/p>\n<p>En amazon <strong>Espa\u00f1a<\/strong> lo ten\u00e9is <a href=\"https:\/\/www.amazon.es\/dp\/B08NF3345F\/\" target=\"_blank\" rel=\"noopener noreferrer\">aqu\u00ed<\/a>: <a href=\"https:\/\/www.amazon.es\/dp\/B08NF3345F\/\" target=\"_blank\" rel=\"noopener noreferrer\">https:\/\/www.amazon.es\/dp\/B08NF3345F\/<\/a>.<\/p>\n<div class=\"mceTemp\">\u00a0<\/div>\n<figure id=\"attachment_40\" aria-describedby=\"caption-attachment-40\" style=\"width: 1179px\" class=\"wp-caption aligncenter\"><a href=\"https:\/\/www.amazon.es\/dp\/B08NF3345F\/\" target=\"_blank\" rel=\"noopener noreferrer\"><img loading=\"lazy\" class=\"wp-image-40 size-full\" title=\"Pincha para ir a la web del libro en amazon\" src=\"https:\/\/bulidomics.com\/educacionfinanciera\/wp-content\/uploads\/2020\/11\/como-invertir-tus-ahorros-a-los-veintitantos-o-mas-sin-ser-un-experto-tapa-blanda.jpg\" alt=\"C\u00f3mo invertir tus ahorros a los veintitantos o m\u00e1s sin ser un experto - Edici\u00f3n amazon tapa blanda\" width=\"1179\" height=\"559\" srcset=\"https:\/\/bulidomics.com\/educacionfinanciera\/wp-content\/uploads\/2020\/11\/como-invertir-tus-ahorros-a-los-veintitantos-o-mas-sin-ser-un-experto-tapa-blanda.jpg 1179w, https:\/\/bulidomics.com\/educacionfinanciera\/wp-content\/uploads\/2020\/11\/como-invertir-tus-ahorros-a-los-veintitantos-o-mas-sin-ser-un-experto-tapa-blanda-300x142.jpg 300w, https:\/\/bulidomics.com\/educacionfinanciera\/wp-content\/uploads\/2020\/11\/como-invertir-tus-ahorros-a-los-veintitantos-o-mas-sin-ser-un-experto-tapa-blanda-1024x486.jpg 1024w, https:\/\/bulidomics.com\/educacionfinanciera\/wp-content\/uploads\/2020\/11\/como-invertir-tus-ahorros-a-los-veintitantos-o-mas-sin-ser-un-experto-tapa-blanda-768x364.jpg 768w\" sizes=\"(max-width: 706px) 89vw, (max-width: 767px) 82vw, 740px\" \/><\/a><figcaption id=\"caption-attachment-40\" class=\"wp-caption-text\">C\u00f3mo invertir tus ahorros a los veintitantos o m\u00e1s sin ser un experto &#8211; Edici\u00f3n amazon tapa blanda<\/figcaption><\/figure>\n<p>En el precio est\u00e1s pagando el coste de impresi\u00f3n, el margen que se queda amazon y mi margen que es de 1 c\u00e9ntimo (voy a ganar 1 c\u00e9ntimo por cada libro que venda&#8230; a ver si vendo al menos 900 que recupere los 9 \u20ac que me ha costado registrar el dominio \ud83d\ude05 ).<\/p>\n<p><strong><span style=\"color: #ff0000;\">3.<\/span> Formato electr\u00f3nico en amazon<\/strong><br \/>Si lo que te gusta es el formato electr\u00f3nico (Kindle de amazon), tambi\u00e9n lo tienes disponible en amazon a un menor precio que la versi\u00f3n tapa blanda. Aqu\u00ed <a href=\"https:\/\/www.amazon.es\/C%C3%B3mo-invertir-ahorros-veintitantos-experto-ebook\/dp\/B08NCQGZ2V\" target=\"_blank\" rel=\"noopener noreferrer\">&gt;&gt;<\/a><\/p>\n<figure id=\"attachment_46\" aria-describedby=\"caption-attachment-46\" style=\"width: 1204px\" class=\"wp-caption aligncenter\"><a href=\"https:\/\/www.amazon.es\/C%C3%B3mo-invertir-ahorros-veintitantos-experto-ebook\/dp\/B08NCQGZ2V\" target=\"_blank\" rel=\"noopener noreferrer\"><img loading=\"lazy\" class=\"wp-image-46 size-full\" title=\"Ir a la p\u00e1gina del libro en amazon\" src=\"https:\/\/bulidomics.com\/educacionfinanciera\/wp-content\/uploads\/2020\/11\/como-invertir-tus-ahorros-a-los-veintitantos-o-mas-sin-ser-un-experto-kindle-version.jpg\" alt=\"C\u00f3mo invertir tus ahorros a los veintitantos o m\u00e1s sin ser un experto - Edici\u00f3n Kindle amazon\" width=\"1204\" height=\"578\" srcset=\"https:\/\/bulidomics.com\/educacionfinanciera\/wp-content\/uploads\/2020\/11\/como-invertir-tus-ahorros-a-los-veintitantos-o-mas-sin-ser-un-experto-kindle-version.jpg 1204w, https:\/\/bulidomics.com\/educacionfinanciera\/wp-content\/uploads\/2020\/11\/como-invertir-tus-ahorros-a-los-veintitantos-o-mas-sin-ser-un-experto-kindle-version-300x144.jpg 300w, https:\/\/bulidomics.com\/educacionfinanciera\/wp-content\/uploads\/2020\/11\/como-invertir-tus-ahorros-a-los-veintitantos-o-mas-sin-ser-un-experto-kindle-version-1024x492.jpg 1024w, https:\/\/bulidomics.com\/educacionfinanciera\/wp-content\/uploads\/2020\/11\/como-invertir-tus-ahorros-a-los-veintitantos-o-mas-sin-ser-un-experto-kindle-version-768x369.jpg 768w\" sizes=\"(max-width: 706px) 89vw, (max-width: 767px) 82vw, 740px\" \/><\/a><figcaption id=\"caption-attachment-46\" class=\"wp-caption-text\">C\u00f3mo invertir tus ahorros a los veintitantos o m\u00e1s sin ser un experto &#8211; Edici\u00f3n Kindle amazon<\/figcaption><\/figure>\n<p><strong><span style=\"color: #ff0000;\">4.<\/span> VERSI\u00d3N <span style=\"color: #ff0000;\">GRATIS<\/span> EN PDF (sin trucos):<\/strong><br \/>Si no te puedes permitir (o no quieres) gastarte el dinero en comprar el ensayo en amazon, no te preocupes: puedes <a href=\"https:\/\/bulidomics.com\/educacionfinanciera\/contacto\/\">escribirme un email<\/a> y te lo env\u00edo <strong>gratis<\/strong> en PDF (tranquilo que no voy a hacer nada malo con tu email, m\u00e1s all\u00e1 de enviarte la gu\u00eda \ud83d\ude1c) \u2014aunque si est\u00e1s pensando entrar en el mundo de la inversi\u00f3n, supongo que gastarte 5 o 10 \u20ac no deber\u00eda suponerte mayor problema, pero bueno, igual eres un optimizador de recursos y por eso tienes mi comprensi\u00f3n, jeje.<\/p><div id=\"most_read_hits_25\" class=\"most_read_hits\"><span class=\"most_read_hits_label\">Hits:<\/span> <span class=\"most_read_hits_number\">1987<\/span><\/div>","protected":false},"excerpt":{"rendered":"<p>Inauguramos nuestra secci\u00f3n de educaci\u00f3n financiera con la publicaci\u00f3n del ensayo \u00abC\u00f3mo invertir tus ahorros a los veintitantos o m\u00e1s sin ser un experto\u00bb, el volumen 2 de la serie Bulidomics. Te dejo aqu\u00ed varias formas de poder conseguirlo: 1. \u00a1Ahora mismo para echar un vistazo!Si quieres echar un vistazo al librito, aqu\u00ed puedes descargarte &hellip; <\/p>\n<p class=\"link-more\"><a href=\"https:\/\/bulidomics.com\/educacionfinanciera\/como-invertir-tus-ahorros-a-los-veintitantos-o-mas-sin-ser-un-experto-libro\/\" class=\"more-link\">Continuar leyendo<span class=\"screen-reader-text\"> \u00abC\u00f3mo invertir tus ahorros a los veintitantos o m\u00e1s sin ser un experto (libro)\u00bb<\/span><\/a><\/p>\n","protected":false},"author":1,"featured_media":34,"parent":0,"menu_order":0,"comment_status":"closed","ping_status":"closed","template":"","meta":[],"amp_validity":null,"amp_enabled":true,"_links":{"self":[{"href":"https:\/\/bulidomics.com\/educacionfinanciera\/wp-json\/wp\/v2\/pages\/25"}],"collection":[{"href":"https:\/\/bulidomics.com\/educacionfinanciera\/wp-json\/wp\/v2\/pages"}],"about":[{"href":"https:\/\/bulidomics.com\/educacionfinanciera\/wp-json\/wp\/v2\/types\/page"}],"author":[{"embeddable":true,"href":"https:\/\/bulidomics.com\/educacionfinanciera\/wp-json\/wp\/v2\/users\/1"}],"replies":[{"embeddable":true,"href":"https:\/\/bulidomics.com\/educacionfinanciera\/wp-json\/wp\/v2\/comments?post=25"}],"version-history":[{"count":12,"href":"https:\/\/bulidomics.com\/educacionfinanciera\/wp-json\/wp\/v2\/pages\/25\/revisions"}],"predecessor-version":[{"id":74,"href":"https:\/\/bulidomics.com\/educacionfinanciera\/wp-json\/wp\/v2\/pages\/25\/revisions\/74"}],"wp:featuredmedia":[{"embeddable":true,"href":"https:\/\/bulidomics.com\/educacionfinanciera\/wp-json\/wp\/v2\/media\/34"}],"wp:attachment":[{"href":"https:\/\/bulidomics.com\/educacionfinanciera\/wp-json\/wp\/v2\/media?parent=25"}],"curies":[{"name":"wp","href":"https:\/\/api.w.org\/{rel}","templated":true}]}}